6116561 (base 8) to base 13.
9cba74
-113793 (base 10) to base 9
-183076
-62514 (base 9) to base 14
-1105c
Convert -102121112121 (base 3) to base 8.
-676333
Convert -408082 (base 9) to base 10.
-242102
What is 1000101010111011000 (base 2) in base 13?
9c425
Convert -730 (base 15) to base 14.
-83a
-1210102220211 (base 3) to base 16
-e8c81
-1101000011000011011000 (base 2) to base 10
-3420376
-63c38b (base 13) to base 5
-1044343202
What is 35102 (base 13) in base 3?
11220211122
25430644 (base 7) to base 10
2310088
What is -e5389 (base 15) in base 4?
-2301112131
Convert 45249 (base 10) to base 4.
23003001
Convert -100100022020 (base 3) to base 9.
-310266
Convert 5069024 (base 10) to base 9.
10475348
Convert -137746 (base 8) to base 9.
-74344
13519571 (base 10) to base 2
110011100100101011010011
What is 5734035 (base 8) in base 5?
344220321
-268184 (base 12) to base 11
-3a4a47
What is 201637 (base 10) in base 4?
301032211
Convert -dbc2 (base 15) to base 3.
-2100211102
Convert 40660 (base 8) to base 7.
100012
What is 100110011010010010010101 (base 2) in base 4?
212122102111
1214132123 (base 5) to base 10
2880288
140854 (base 9) to base 16
14fe6
Convert 73199 (base 10) to base 9.
121362
Convert 7236 (base 13) to base 10.
15762
Convert -3400502 (base 6) to base 4.
-221303312
Convert -57357 (base 9) to base 3.
-1221101221
110111120202101 (base 3) to base 7
110323114
What is 22651 (base 11) in base 5?
2021401
95657a (base 11) to base 4
11311313032
Convert 1028599 (base 11) to base 5.
430442304
What is 1201221202112 (base 3) in base 15?
133c82
-b585 (base 16) to base 10
-46469
-2b904d (base 15) to base 11
-1209362
What is 472602 (base 11) in base 2?
10110111001000000001
Convert -79516 (base 11) to base 12.
-56728
What is -19569 (base 13) in base 8?
-140162
206131 (base 7) to base 3
1211000211
Convert 203443345 (base 7) to base 13.
262a095
-54667 (base 13) to base 2
-100101010001110100
What is -442013014 (base 5) in base 16?
-1d1a3b
What is 451510 (base 11) in base 13?
1c2571
-145aa3a (base 11) to base 6
-125354233
What is 10561161 (base 8) in base 10?
2286193
-11a7b97 (base 13) to base 6
-313523534
What is 13a5013 (base 11) in base 6?
123335105
Convert -8563277 (base 9) to base 6.
-242203154
What is -9ad24 (base 16) in base 5?
-130243043
3146646 (base 8) to base 16
ccda6
10101010101110001 (base 2) to base 3
11102220101
Convert -10111100001011110101 (base 2) to base 11.
-487132
45852 (base 9) to base 2
111011101111000
What is 11120102222 (base 3) in base 15?
1b9e5
What is f232f (base 16) in base 7?
11301160
What is -6999b (base 12) in base 6?
-3010315
What is -210431100 (base 5) in base 8?
-3252654
20244214 (base 5) to base 2
101000011010110111
What is -220210121021 (base 3) in base 11?
-303824
Convert 24544101 (base 6) to base 10.
791461
-10042131 (base 6) to base 12
-119347
a7d9 (base 14) to base 15
88d8
Convert 1033034 (base 6) to base 16.
c80e
21022131321 (base 4) to base 13
661503
-107845 (base 9) to base 11
-44797
-235553303 (base 6) to base 2
-10001000101010111100111
-5611445 (base 7) to base 14
-1402cc
What is 22211303302 (base 4) in base 11?
1626975
Convert -303020031 (base 4) to base 16.
-3320d
What is 4d423 (base 14) in base 5?
22041101
16972 (base 11) to base 3
1012122022
acc17 (base 16) to base 2
10101100110000010111
Convert -2222202202121 (base 3) to base 7.
-16340626
Convert -34113620 (base 7) to base 4.
-23103011222
What is -811074 (base 9) in base 6?
-14141021
Convert 2e86d (base 16) to base 5.
22044243
529716 (base 10) to base 14
db08c
Convert 1001aa (base 12) to base 3.
110122201011
What is 2420127 (base 8) in base 15?
d1979
What is -31154126 (base 8) in base 13?
-14a5253
Convert 30953 (base 16) to base 11.
126565
16180030 (base 9) to base 7
125464056
-5233522 (base 6) to base 5
-31103222
Convert 9541772 (base 10) to base 16.
91988c
-1310332021 (base 4) to base 11
-2a7a68
What is -8633b (base 13) in base 15?
-4bb87
What is 44143143 (base 5) in base 13?
104595
-42338 (base 14) to base 11
-aa064
10104110 (base 6) to base 3
112122220120
Convert -111110110111011000 (base 2) to base 7.
-2121501
Convert 6575581 (base 11) to base 16.
b02789
What is 203322033 (base 4) in base 6?
3052543
Convert -2533238 (base 10) to base 3.
-11202200221122
What is -315a9 (base 14) in base 13?
-422b2
4a50a1 (base 13) to base 2
110110011000010001010
Convert -e3e8 (base 15) to base 2.
-1011110000001111
What is -331505 (base 7) in base 8?
-161551
Convert 9a0b8 (base 12) to base 6.
4212352
Convert -108bbb6 (base 12) to base 16.
-3068fa
2253060 (base 8) to base 16
95630
Convert 1102200211011 (base 3) to base 15.
100a34
Convert 265d7a (base 15) to base 10.
1842415
Convert 1f052 (base 16) to base 12.
61642
Convert -124a0c (base 14) to base 4.
-2121032110
What is 2431342 (base 5) in base 10?
45847
1881b37 (base 12) to base 5
2304132013
What is 1200112202102 (base 3) in base 6?
31114232
79789 (base 12) to base 9
265866
Convert -23157452 (base 9) to base 6.
-1041142245
What is -5500136 (base 8) in base 3?
-2202220211211
Convert -a4d6 (base 16) to base 4.
-22103112
Convert 8720470 (base 10) to base 5.
4213023340
Convert -4b989a (base 15) to base 16.
-3756c7
Convert -233323454 (base 6) to base 13.
-b9b1b3
What is -233130233 (base 4) in base 14?
-50b83
Convert -6867734 (base 10) to base 6.
-403111022
What is -35f287 (base 16) in base 3?
-20122121210021
Convert 265616 (base 10) to base 11.
17161a
119e5 (base 15) to base 13
1c7a2
What is 1720546 (base 8) in base 15?
9d280
What is -11101001100111101011 (base 2) in base 3?
-1210121122000
Convert -2205151 (base 6) to base 7.
-635506
Convert -45997 (base 11) to base 16.
-1036e
-3a3c74 (base 13) to base 2
-101010111110011001011
Convert 7a2c3 (base 13) to base 6.
4433334
103311121 (base 4) to base 6
1424041
What is -23103411 (base 5) in base 15?
-413c1
What is 27aa85 (base 12) in base 7?
5423654
Convert -3244376 (base 8) to base 6.
-30354450
-253141 (base 8) to base 6
-1513441
What is 3209c5 (base 14) in base 3?
10011222022121
Convert -1f68f7 (base 16) to base 11.
-1186632
What is 51391 (base 11) in base 4?
102103313
Convert -574378 (base 10) to base 3.
-1002011220021
Convert -1768158 (base 9) to base 5.
-223140431
2021237 (base 9) to base 4
10012323001
What is 796451 (base 15) in base 3?
101220021210011
1111110011101100110001 (base 2) to base 5
2030101141
-1111011110001100010 (base 2) to base 3
-221202102222
What is -2a0751 (base 15) in base 9?
-3728034
Convert 1001111011011011000 (base 2) to base 7.
2523334
Convert -1a97568 (base 13) to base 6.
-512521214
53146 (base 9) to base 10
35115
Convert -4043302441 (base 5) to base 3.
-120101200002000
-135121055 (base 6) to base 2
-1010100010101000111011
-318781 (base 10) to base 4
-1031310331
What is -10310231 (base 4) in base 15?
-5cc2
What is 783171 (base 9) in base 14?
c2883
Convert -110101000121 (base 3) to base 12.
-b8aba
16451054 (base 8) to base 3
21012011222011
27e515 (base 15) to base 6
105103532
Convert -33dd79 (base 14) to base 4.
-12233122013
Convert 411660 (base 10) to base 14.
aa044
What is 41837 (base 12) in base 2?
10100111101101011
5b0c3 (base 15) to base 14
77bb3
What is 314350111 (base 6) in base 5?
2404112014
5964201 (base 10) to base 16
5b01a9
Convert -14364572 (base 8) to base 15.
-4492de
Convert -55be6 (base 16) to base 11.
-21a959
-280576 (base 9) to base 10
-171060
17363721 (base 8) to base 2
1111011110011111010001
What is -100111101011011100 (base 2) in base 6?
-3252232
Convert -25522 (base 11) to base 2.
-1000111011010110
Convert 14c3c3 (base 13) to base 12.
20875b
What is 132001020 (base 5) in base 7?
5402442
18a06 (base 15) to base 10
79881
What is -c5973 (base 15) in base 9?
-1154360
Convert 2262bb (base 12) to base 3.
1000221100222
-17056923 (base 10) to base 12
-5866aa3
Convert -1b7ca3 (base 16) to base 4.
-12313302203
Convert 4988a (base 13) to base 14.
37535
What is 1010100011100000101 (base 2) in base 6?
11225113
What is -1243412042 (base 5) in base 2?
-1011110110100101001011
Convert -10011100111100100101110 (base 2) to base 5.
-2304032310
Convert 20012000001 (base 3) to base 16.
1db90
Convert 111010022001022 (base 3) to base 8.
32464321
12353225 (base 6) to base 3
202111220022
What is -121112020111 (base 3) in base 13?
-b50ba
-112022010110 (base 3) t